{"id":96,"date":"2021-02-17T11:53:25","date_gmt":"2021-02-17T11:53:25","guid":{"rendered":"https:\/\/xn--criar-site-criao-sites-r4b9g.com.br\/provas-wp\/multipat\/?page_id=96"},"modified":"2024-04-11T13:10:33","modified_gmt":"2024-04-11T13:10:33","slug":"servico-de-coleta-laboratorio-multipat","status":"publish","type":"page","link":"https:\/\/www.multipat.com.br\/site\/servico-de-coleta-laboratorio-multipat\/","title":{"rendered":"Servi\u00e7os"},"content":{"rendered":"<div id=\"pl-96\"  class=\"panel-layout\" ><div id=\"pg-96-0\"  class=\"panel-grid panel-has-style\" ><div class=\"txtPagina servicos espac-interno panel-row-style panel-row-style-for-96-0\" ><div id=\"pgc-96-0-0\"  class=\"panel-grid-cell\" ><div id=\"panel-96-0-0-0\" class=\"so-panel widget widget_siteorigin-panels-builder panel-first-child\" data-index=\"0\" ><div id=\"pl-w645b9cad8238f\"  class=\"panel-layout\" ><div id=\"pg-w645b9cad8238f-0\"  class=\"panel-grid panel-no-style\" ><div id=\"pgc-w645b9cad8238f-0-0\"  class=\"panel-grid-cell\" ><div id=\"panel-w645b9cad8238f-0-0-0\" class=\"so-panel widget widget_sow-editor panel-first-child panel-last-child\" data-index=\"0\" ><div\n\t\t\t\n\t\t\tclass=\"so-widget-sow-editor so-widget-sow-editor-base\"\n\t\t\t\n\t\t><h3 class=\"widget-title\">Servi\u00e7o de Coleta<\/h3>\n<div class=\"siteorigin-widget-tinymce textwidget\">\n\t<p>Existe a possibilidade de irmos buscar os materiais em cl\u00ednicas e hospitais, a depender de acordo pr\u00e9vio com o Laborat\u00f3rio. Este servi\u00e7o est\u00e1 dispon\u00edvel de segunda a sexta-feira, das 07:00h \u00e0s 16:00h. Para agendar este servi\u00e7o, entre em contato com nossos meios de comunica\u00e7\u00e3o<\/p>\n<\/div>\n<\/div><\/div><\/div><\/div><\/div><\/div><div id=\"panel-96-0-0-1\" class=\"so-panel widget widget_sow-image panel-last-child\" data-index=\"1\" ><div\n\t\t\t\n\t\t\tclass=\"so-widget-sow-image so-widget-sow-image-default-17bc2272b535-96\"\n\t\t\t\n\t\t>\n\n<div class=\"sow-image-container\">\n\t\t<img decoding=\"async\" src=\"https:\/\/www.multipat.com.br\/site\/wp-content\/uploads\/2023\/03\/CARRO-MULTIPAT-1024x512.jpg\" width=\"1024\" height=\"512\" srcset=\"https:\/\/www.multipat.com.br\/site\/wp-content\/uploads\/2023\/03\/CARRO-MULTIPAT-1024x512.jpg 1024w, https:\/\/www.multipat.com.br\/site\/wp-content\/uploads\/2023\/03\/CARRO-MULTIPAT-300x150.jpg 300w, https:\/\/www.multipat.com.br\/site\/wp-content\/uploads\/2023\/03\/CARRO-MULTIPAT-768x384.jpg 768w, https:\/\/www.multipat.com.br\/site\/wp-content\/uploads\/2023\/03\/CARRO-MULTIPAT-1536x768.jpg 1536w, https:\/\/www.multipat.com.br\/site\/wp-content\/uploads\/2023\/03\/CARRO-MULTIPAT-2048x1024.jpg 2048w\" sizes=\"(max-width: 1024px) 100vw, 1024px\" title=\"CARRO MULTIPAT\" alt=\"\" loading=\"lazy\" \t\tclass=\"so-widget-image\"\/>\n\t<\/div>\n\n<\/div><\/div><\/div><\/div><\/div><div id=\"pg-96-1\"  class=\"panel-grid panel-has-style\" ><div class=\"txtPagina servicos panel-row-style panel-row-style-for-96-1\" ><div id=\"pgc-96-1-0\"  class=\"panel-grid-cell\" ><div id=\"panel-96-1-0-0\" class=\"so-panel widget widget_sow-editor panel-first-child\" data-index=\"2\" ><div\n\t\t\t\n\t\t\tclass=\"so-widget-sow-editor so-widget-sow-editor-base\"\n\t\t\t\n\t\t><h3 class=\"widget-title\">Orienta\u00e7\u00e3o e fornecimento de material<\/h3>\n<div class=\"siteorigin-widget-tinymce textwidget\">\n\t<ul>\n<li>Para facilitar a padroniza\u00e7\u00e3o e o adequado acondicionamento do material a ser examinado, poderemos oferecer ou orientar o preparo de:<\/li>\n<li>Material descart\u00e1vel para coleta e acondicionamento de exames colpocitol\u00f3gicos;<\/li>\n<li>Frascos com fixador para medula \u00f3ssea (formalina\/\u00e1lcool\/\u00e1cido ac\u00e9tico glacial);<\/li>\n<li>Frascos com fixador para bi\u00f3psias (formalina tamponada 10%);<\/li>\n<li>L\u00edquido de Michel para exames de imunofluoresc\u00eancia de rim e pele.<\/li>\n<\/ul>\n<p>Para maiores detalhes, veja os t\u00f3picos \u201cExames\u201d, onde detalhamos cada tipo de exame que o laborat\u00f3rio oferece, e \u201cComo enviar\u201d, onde detalhamos sobre a forma de acondicionar as amostras.<\/p>\n<\/div>\n<\/div><\/div><div id=\"panel-96-1-0-1\" class=\"so-panel widget widget_sow-image panel-last-child\" data-index=\"3\" ><div\n\t\t\t\n\t\t\tclass=\"so-widget-sow-image so-widget-sow-image-default-17bc2272b535-96\"\n\t\t\t\n\t\t>\n\n<div class=\"sow-image-container\">\n\t\t<img decoding=\"async\" src=\"https:\/\/www.multipat.com.br\/site\/wp-content\/uploads\/2022\/02\/FRASCOS-1024x576.png\" width=\"1024\" height=\"576\" srcset=\"https:\/\/www.multipat.com.br\/site\/wp-content\/uploads\/2022\/02\/FRASCOS-1024x576.png 1024w, https:\/\/www.multipat.com.br\/site\/wp-content\/uploads\/2022\/02\/FRASCOS-300x169.png 300w, https:\/\/www.multipat.com.br\/site\/wp-content\/uploads\/2022\/02\/FRASCOS-768x432.png 768w, https:\/\/www.multipat.com.br\/site\/wp-content\/uploads\/2022\/02\/FRASCOS-1536x864.png 1536w, https:\/\/www.multipat.com.br\/site\/wp-content\/uploads\/2022\/02\/FRASCOS.png 1920w\" sizes=\"(max-width: 1024px) 100vw, 1024px\" alt=\"\" loading=\"lazy\" \t\tclass=\"so-widget-image\"\/>\n\t<\/div>\n\n<\/div><\/div><\/div><\/div><\/div><\/div>","protected":false},"excerpt":{"rendered":"<p>Para facilitar a padroniza\u00e7\u00e3o e o adequado acondicionamento do material a ser examinado, poderemos oferecer ou orientar o preparo de: Material descart\u00e1vel para coleta e acondicionamento de exames colpocitol\u00f3gicos; Frascos com fixador para medula \u00f3ssea (formalina\/\u00e1lcool\/\u00e1cido ac\u00e9tico glacial); Frascos com fixador para bi\u00f3psias (formalina tamponada 10%); L\u00edquido de Michel para exames de imunofluoresc\u00eancia de rim [&hellip;]<\/p>\n","protected":false},"author":5,"featured_media":0,"parent":0,"menu_order":0,"comment_status":"closed","ping_status":"closed","template":"","meta":{"footnotes":""},"acf":[],"yoast_head":"<!-- This site is optimized with the Yoast SEO plugin v19.2 - https:\/\/yoast.com\/wordpress\/plugins\/seo\/ -->\r\n<title>Servi\u00e7o de Coleta - Laborat\u00f3rio Multipat<\/title>\r\n<meta name=\"description\" content=\"Equipe especializada em coletar materiais em cl\u00ednicas e hospitais, com acordo pr\u00e9vio com o Laborat\u00f3rio Multipat. Saiba mais!\" \/>\r\n<meta name=\"robots\" content=\"index, follow, max-snippet:-1, max-image-preview:large, max-video-preview:-1\" \/>\r\n<link rel=\"canonical\" href=\"https:\/\/www.multipat.com.br\/site\/servico-de-coleta-laboratorio-multipat\/\" \/>\r\n<meta property=\"og:locale\" content=\"pt_BR\" \/>\r\n<meta property=\"og:type\" content=\"article\" \/>\r\n<meta property=\"og:title\" content=\"Servi\u00e7o de Coleta - Laborat\u00f3rio Multipat\" \/>\r\n<meta property=\"og:description\" content=\"Equipe especializada em coletar materiais em cl\u00ednicas e hospitais, com acordo pr\u00e9vio com o Laborat\u00f3rio Multipat. Saiba mais!\" \/>\r\n<meta property=\"og:url\" content=\"https:\/\/www.multipat.com.br\/site\/servico-de-coleta-laboratorio-multipat\/\" \/>\r\n<meta property=\"og:site_name\" content=\"Multipat - Laborat\u00f3rio m\u00e9dico privado que presta diagn\u00f3sticos de Anatomia Patol\u00f3gica, Citopatologia Diagn\u00f3stica e Patologia Molecular em Jardim Guanabara - Campinas.\" \/>\r\n<meta property=\"article:modified_time\" content=\"2024-04-11T13:10:33+00:00\" \/>\r\n<meta name=\"author\" content=\"Desenvolvedor Projeto Web\" \/>\r\n<meta name=\"twitter:card\" content=\"summary_large_image\" \/>\r\n<meta name=\"twitter:label1\" content=\"Est. tempo de leitura\" \/>\n\t<meta name=\"twitter:data1\" content=\"1 minuto\" \/>\r\n<script type=\"application\/ld+json\" class=\"yoast-schema-graph\">{\"@context\":\"https:\/\/schema.org\",\"@graph\":[{\"@type\":\"WebSite\",\"@id\":\"http:\/\/www.multipat.com.br\/site\/#website\",\"url\":\"http:\/\/www.multipat.com.br\/site\/\",\"name\":\"Multipat - Laborat\u00f3rio m\u00e9dico privado que presta diagn\u00f3sticos de Anatomia Patol\u00f3gica, Citopatologia Diagn\u00f3stica e Patologia Molecular em Jardim Guanabara - Campinas.\",\"description\":\"Multipat - Laborat\u00f3rio m\u00e9dico privado que presta diagn\u00f3sticos de Anatomia Patol\u00f3gica, Citopatologia Diagn\u00f3stica e Patologia Molecular em Jardim Guanabara - Campinas.\",\"potentialAction\":[{\"@type\":\"SearchAction\",\"target\":{\"@type\":\"EntryPoint\",\"urlTemplate\":\"http:\/\/www.multipat.com.br\/site\/?s={search_term_string}\"},\"query-input\":\"required name=search_term_string\"}],\"inLanguage\":\"pt-BR\"},{\"@type\":\"WebPage\",\"@id\":\"https:\/\/www.multipat.com.br\/site\/servico-de-coleta-laboratorio-multipat\/#webpage\",\"url\":\"https:\/\/www.multipat.com.br\/site\/servico-de-coleta-laboratorio-multipat\/\",\"name\":\"Servi\u00e7o de Coleta - Laborat\u00f3rio Multipat\",\"isPartOf\":{\"@id\":\"http:\/\/www.multipat.com.br\/site\/#website\"},\"datePublished\":\"2021-02-17T11:53:25+00:00\",\"dateModified\":\"2024-04-11T13:10:33+00:00\",\"description\":\"Equipe especializada em coletar materiais em cl\u00ednicas e hospitais, com acordo pr\u00e9vio com o Laborat\u00f3rio Multipat. Saiba mais!\",\"breadcrumb\":{\"@id\":\"https:\/\/www.multipat.com.br\/site\/servico-de-coleta-laboratorio-multipat\/#breadcrumb\"},\"inLanguage\":\"pt-BR\",\"potentialAction\":[{\"@type\":\"ReadAction\",\"target\":[\"https:\/\/www.multipat.com.br\/site\/servico-de-coleta-laboratorio-multipat\/\"]}]},{\"@type\":\"BreadcrumbList\",\"@id\":\"https:\/\/www.multipat.com.br\/site\/servico-de-coleta-laboratorio-multipat\/#breadcrumb\",\"itemListElement\":[{\"@type\":\"ListItem\",\"position\":1,\"name\":\"In\u00edcio\",\"item\":\"http:\/\/www.multipat.com.br\/site\/\"},{\"@type\":\"ListItem\",\"position\":2,\"name\":\"Servi\u00e7os\"}]}]}<\/script>\r\n<!-- \/ Yoast SEO plugin. -->","yoast_head_json":{"title":"Servi\u00e7o de Coleta - Laborat\u00f3rio Multipat","description":"Equipe especializada em coletar materiais em cl\u00ednicas e hospitais, com acordo pr\u00e9vio com o Laborat\u00f3rio Multipat. Saiba mais!","robots":{"index":"index","follow":"follow","max-snippet":"max-snippet:-1","max-image-preview":"max-image-preview:large","max-video-preview":"max-video-preview:-1"},"canonical":"https:\/\/www.multipat.com.br\/site\/servico-de-coleta-laboratorio-multipat\/","og_locale":"pt_BR","og_type":"article","og_title":"Servi\u00e7o de Coleta - Laborat\u00f3rio Multipat","og_description":"Equipe especializada em coletar materiais em cl\u00ednicas e hospitais, com acordo pr\u00e9vio com o Laborat\u00f3rio Multipat. Saiba mais!","og_url":"https:\/\/www.multipat.com.br\/site\/servico-de-coleta-laboratorio-multipat\/","og_site_name":"Multipat - Laborat\u00f3rio m\u00e9dico privado que presta diagn\u00f3sticos de Anatomia Patol\u00f3gica, Citopatologia Diagn\u00f3stica e Patologia Molecular em Jardim Guanabara - Campinas.","article_modified_time":"2024-04-11T13:10:33+00:00","author":"Desenvolvedor Projeto Web","twitter_card":"summary_large_image","twitter_misc":{"Est. tempo de leitura":"1 minuto"},"schema":{"@context":"https:\/\/schema.org","@graph":[{"@type":"WebSite","@id":"http:\/\/www.multipat.com.br\/site\/#website","url":"http:\/\/www.multipat.com.br\/site\/","name":"Multipat - Laborat\u00f3rio m\u00e9dico privado que presta diagn\u00f3sticos de Anatomia Patol\u00f3gica, Citopatologia Diagn\u00f3stica e Patologia Molecular em Jardim Guanabara - Campinas.","description":"Multipat - Laborat\u00f3rio m\u00e9dico privado que presta diagn\u00f3sticos de Anatomia Patol\u00f3gica, Citopatologia Diagn\u00f3stica e Patologia Molecular em Jardim Guanabara - Campinas.","potentialAction":[{"@type":"SearchAction","target":{"@type":"EntryPoint","urlTemplate":"http:\/\/www.multipat.com.br\/site\/?s={search_term_string}"},"query-input":"required name=search_term_string"}],"inLanguage":"pt-BR"},{"@type":"WebPage","@id":"https:\/\/www.multipat.com.br\/site\/servico-de-coleta-laboratorio-multipat\/#webpage","url":"https:\/\/www.multipat.com.br\/site\/servico-de-coleta-laboratorio-multipat\/","name":"Servi\u00e7o de Coleta - Laborat\u00f3rio Multipat","isPartOf":{"@id":"http:\/\/www.multipat.com.br\/site\/#website"},"datePublished":"2021-02-17T11:53:25+00:00","dateModified":"2024-04-11T13:10:33+00:00","description":"Equipe especializada em coletar materiais em cl\u00ednicas e hospitais, com acordo pr\u00e9vio com o Laborat\u00f3rio Multipat. Saiba mais!","breadcrumb":{"@id":"https:\/\/www.multipat.com.br\/site\/servico-de-coleta-laboratorio-multipat\/#breadcrumb"},"inLanguage":"pt-BR","potentialAction":[{"@type":"ReadAction","target":["https:\/\/www.multipat.com.br\/site\/servico-de-coleta-laboratorio-multipat\/"]}]},{"@type":"BreadcrumbList","@id":"https:\/\/www.multipat.com.br\/site\/servico-de-coleta-laboratorio-multipat\/#breadcrumb","itemListElement":[{"@type":"ListItem","position":1,"name":"In\u00edcio","item":"http:\/\/www.multipat.com.br\/site\/"},{"@type":"ListItem","position":2,"name":"Servi\u00e7os"}]}]}},"_links":{"self":[{"href":"https:\/\/www.multipat.com.br\/site\/wp-json\/wp\/v2\/pages\/96"}],"collection":[{"href":"https:\/\/www.multipat.com.br\/site\/wp-json\/wp\/v2\/pages"}],"about":[{"href":"https:\/\/www.multipat.com.br\/site\/wp-json\/wp\/v2\/types\/page"}],"author":[{"embeddable":true,"href":"https:\/\/www.multipat.com.br\/site\/wp-json\/wp\/v2\/users\/5"}],"replies":[{"embeddable":true,"href":"https:\/\/www.multipat.com.br\/site\/wp-json\/wp\/v2\/comments?post=96"}],"version-history":[{"count":102,"href":"https:\/\/www.multipat.com.br\/site\/wp-json\/wp\/v2\/pages\/96\/revisions"}],"predecessor-version":[{"id":1980,"href":"https:\/\/www.multipat.com.br\/site\/wp-json\/wp\/v2\/pages\/96\/revisions\/1980"}],"wp:attachment":[{"href":"https:\/\/www.multipat.com.br\/site\/wp-json\/wp\/v2\/media?parent=96"}],"curies":[{"name":"wp","href":"https:\/\/api.w.org\/{rel}","templated":true}]}}