{"id":651,"date":"2021-06-25T13:15:28","date_gmt":"2021-06-25T13:15:28","guid":{"rendered":"https:\/\/xn--criar-site-criao-sites-r4b9g.com.br\/provas-wp\/multipat\/?page_id=651"},"modified":"2024-04-10T16:45:24","modified_gmt":"2024-04-10T16:45:24","slug":"revisao-de-casos-em-anatomopatologia","status":"publish","type":"page","link":"https:\/\/www.multipat.com.br\/site\/servicos-de-anatomopatologia-e-biologia-molecular\/revisao-de-casos-em-anatomopatologia\/","title":{"rendered":"REVIS\u00c3O DE CASOS"},"content":{"rendered":"<div id=\"pl-651\"  class=\"panel-layout\" ><div id=\"pg-651-0\"  class=\"panel-grid panel-no-style\" ><div id=\"pgc-651-0-0\"  class=\"panel-grid-cell panel-grid-cell-empty\" ><\/div><div id=\"pgc-651-0-1\"  class=\"panel-grid-cell panel-grid-cell-mobile-last\" ><div id=\"panel-651-0-1-0\" class=\"so-panel widget widget_sow-image panel-first-child panel-last-child\" data-index=\"0\" ><div class=\"panel-widget-style panel-widget-style-for-651-0-1-0\" ><div\n\t\t\t\n\t\t\tclass=\"so-widget-sow-image so-widget-sow-image-default-17bc2272b535-651\"\n\t\t\t\n\t\t>\n\n<div class=\"sow-image-container\">\n\t\t<img decoding=\"async\" src=\"https:\/\/www.multipat.com.br\/site\/wp-content\/uploads\/2023\/04\/REVISAO-DE-CASOS.png\" width=\"1080\" height=\"1080\" srcset=\"https:\/\/www.multipat.com.br\/site\/wp-content\/uploads\/2023\/04\/REVISAO-DE-CASOS.png 1080w, https:\/\/www.multipat.com.br\/site\/wp-content\/uploads\/2023\/04\/REVISAO-DE-CASOS-300x300.png 300w, https:\/\/www.multipat.com.br\/site\/wp-content\/uploads\/2023\/04\/REVISAO-DE-CASOS-1024x1024.png 1024w, https:\/\/www.multipat.com.br\/site\/wp-content\/uploads\/2023\/04\/REVISAO-DE-CASOS-150x150.png 150w, https:\/\/www.multipat.com.br\/site\/wp-content\/uploads\/2023\/04\/REVISAO-DE-CASOS-768x768.png 768w\" sizes=\"(max-width: 1080px) 100vw, 1080px\" title=\"REVIS\u00c3O DE CASOS\" alt=\"\" loading=\"lazy\" \t\tclass=\"so-widget-image\"\/>\n\t<\/div>\n\n<\/div><\/div><\/div><\/div><div id=\"pgc-651-0-2\"  class=\"panel-grid-cell panel-grid-cell-empty\" ><\/div><\/div><div id=\"pg-651-1\"  class=\"panel-grid panel-no-style\" ><div id=\"pgc-651-1-0\"  class=\"panel-grid-cell\" ><div id=\"panel-651-1-0-0\" class=\"so-panel widget widget_sow-editor panel-first-child panel-last-child\" data-index=\"1\" ><div\n\t\t\t\n\t\t\tclass=\"so-widget-sow-editor so-widget-sow-editor-base\"\n\t\t\t\n\t\t>\n<div class=\"siteorigin-widget-tinymce textwidget\">\n\t<p>A revis\u00e3o de casos (ou de l\u00e2minas), tamb\u00e9m conhecida como \u201csegunda opini\u00e3o em patologia\u201d, representa um procedimento de reavalia\u00e7\u00e3o de um exame anatomopatol\u00f3gico feita por um outro patologista diferente do que fez a primeira an\u00e1lise, seguindo as normas preconizadas pelas entidades m\u00e9dicas. A revis\u00e3o de l\u00e2minas pode ser solicitada pelo m\u00e9dico assistente do paciente, pelo pr\u00f3prio paciente ou pelo patologista que est\u00e1 examinando uma amostra que j\u00e1 teve um diagn\u00f3stico emitido por outro laborat\u00f3rio. A revis\u00e3o de l\u00e2minas pode ser feita tamb\u00e9m internamente, dentro de um mesmo laborat\u00f3rio, quando necess\u00e1rio.<\/p>\n<p>Este procedimento visa esclarecer um diagn\u00f3stico com fins terap\u00eauticos, quando houver alguma discrep\u00e2ncia diagn\u00f3stica, quando um determinado diagn\u00f3stico n\u00e3o est\u00e1 compat\u00edvel com o que o cl\u00ednico esperaria para esse tipo de doen\u00e7a, ou para controle de qualidade dos servi\u00e7os. Quando um paciente vai se tratar em uma institui\u00e7\u00e3o m\u00e9dica diferente da que fez o primeiro diagn\u00f3stico \u00e9 muito comum a nova institui\u00e7\u00e3o solicitar a revis\u00e3o de l\u00e2minas do primeiro servi\u00e7o.<\/p>\n<p>O m\u00e9dico consultado inicialmente e o patologista que emitiu o laudo inicial devem fornecer todos os dados relevantes que possam ser utilizados por outros m\u00e9dicos, bem como todo o material dispon\u00edvel (l\u00e2minas e blocos de parafina contendo os tecidos examinados). Este procedimento constitui um direito do paciente.<\/p>\n<\/div>\n<\/div><\/div><\/div><\/div><\/div>","protected":false},"excerpt":{"rendered":"<p>A revis\u00e3o de casos (ou de l\u00e2minas), tamb\u00e9m conhecida como \u201csegunda opini\u00e3o em patologia\u201d, representa um procedimento de reavalia\u00e7\u00e3o de um exame anatomopatol\u00f3gico feita por um outro patologista diferente do que fez a primeira an\u00e1lise, seguindo as normas preconizadas pelas entidades m\u00e9dicas. A revis\u00e3o de l\u00e2minas pode ser solicitada pelo m\u00e9dico assistente do paciente, pelo [&hellip;]<\/p>\n","protected":false},"author":5,"featured_media":0,"parent":507,"menu_order":0,"comment_status":"closed","ping_status":"closed","template":"","meta":{"footnotes":""},"acf":[],"yoast_head":"<!-- This site is optimized with the Yoast SEO plugin v19.2 - https:\/\/yoast.com\/wordpress\/plugins\/seo\/ -->\r\n<title>Revis\u00e3o de Casos em Anatomopatologia<\/title>\r\n<meta name=\"description\" content=\"Obtenha uma segunda opini\u00e3o em patologia com a revis\u00e3o de casos, essencial para diagn\u00f3sticos precisos e confi\u00e1veis.\" \/>\r\n<meta name=\"robots\" content=\"index, follow, max-snippet:-1, max-image-preview:large, max-video-preview:-1\" \/>\r\n<link rel=\"canonical\" href=\"https:\/\/www.multipat.com.br\/site\/servicos-de-anatomopatologia-e-biologia-molecular\/revisao-de-casos-em-anatomopatologia\/\" \/>\r\n<meta property=\"og:locale\" content=\"pt_BR\" \/>\r\n<meta property=\"og:type\" content=\"article\" \/>\r\n<meta property=\"og:title\" content=\"Revis\u00e3o de Casos em Anatomopatologia\" \/>\r\n<meta property=\"og:description\" content=\"Obtenha uma segunda opini\u00e3o em patologia com a revis\u00e3o de casos, essencial para diagn\u00f3sticos precisos e confi\u00e1veis.\" \/>\r\n<meta property=\"og:url\" content=\"https:\/\/www.multipat.com.br\/site\/servicos-de-anatomopatologia-e-biologia-molecular\/revisao-de-casos-em-anatomopatologia\/\" \/>\r\n<meta property=\"og:site_name\" content=\"Multipat - Laborat\u00f3rio m\u00e9dico privado que presta diagn\u00f3sticos de Anatomia Patol\u00f3gica, Citopatologia Diagn\u00f3stica e Patologia Molecular em Jardim Guanabara - Campinas.\" \/>\r\n<meta property=\"article:modified_time\" content=\"2024-04-10T16:45:24+00:00\" \/>\r\n<meta name=\"author\" content=\"Desenvolvedor Projeto Web\" \/>\r\n<meta name=\"twitter:card\" content=\"summary_large_image\" \/>\r\n<meta name=\"twitter:label1\" content=\"Est. tempo de leitura\" \/>\n\t<meta name=\"twitter:data1\" content=\"1 minuto\" \/>\r\n<script type=\"application\/ld+json\" class=\"yoast-schema-graph\">{\"@context\":\"https:\/\/schema.org\",\"@graph\":[{\"@type\":\"WebSite\",\"@id\":\"http:\/\/www.multipat.com.br\/site\/#website\",\"url\":\"http:\/\/www.multipat.com.br\/site\/\",\"name\":\"Multipat - Laborat\u00f3rio m\u00e9dico privado que presta diagn\u00f3sticos de Anatomia Patol\u00f3gica, Citopatologia Diagn\u00f3stica e Patologia Molecular em Jardim Guanabara - Campinas.\",\"description\":\"Multipat - Laborat\u00f3rio m\u00e9dico privado que presta diagn\u00f3sticos de Anatomia Patol\u00f3gica, Citopatologia Diagn\u00f3stica e Patologia Molecular em Jardim Guanabara - Campinas.\",\"potentialAction\":[{\"@type\":\"SearchAction\",\"target\":{\"@type\":\"EntryPoint\",\"urlTemplate\":\"http:\/\/www.multipat.com.br\/site\/?s={search_term_string}\"},\"query-input\":\"required name=search_term_string\"}],\"inLanguage\":\"pt-BR\"},{\"@type\":\"WebPage\",\"@id\":\"https:\/\/www.multipat.com.br\/site\/servicos-de-anatomopatologia-e-biologia-molecular\/revisao-de-casos-em-anatomopatologia\/#webpage\",\"url\":\"https:\/\/www.multipat.com.br\/site\/servicos-de-anatomopatologia-e-biologia-molecular\/revisao-de-casos-em-anatomopatologia\/\",\"name\":\"Revis\u00e3o de Casos em Anatomopatologia\",\"isPartOf\":{\"@id\":\"http:\/\/www.multipat.com.br\/site\/#website\"},\"datePublished\":\"2021-06-25T13:15:28+00:00\",\"dateModified\":\"2024-04-10T16:45:24+00:00\",\"description\":\"Obtenha uma segunda opini\u00e3o em patologia com a revis\u00e3o de casos, essencial para diagn\u00f3sticos precisos e confi\u00e1veis.\",\"breadcrumb\":{\"@id\":\"https:\/\/www.multipat.com.br\/site\/servicos-de-anatomopatologia-e-biologia-molecular\/revisao-de-casos-em-anatomopatologia\/#breadcrumb\"},\"inLanguage\":\"pt-BR\",\"potentialAction\":[{\"@type\":\"ReadAction\",\"target\":[\"https:\/\/www.multipat.com.br\/site\/servicos-de-anatomopatologia-e-biologia-molecular\/revisao-de-casos-em-anatomopatologia\/\"]}]},{\"@type\":\"BreadcrumbList\",\"@id\":\"https:\/\/www.multipat.com.br\/site\/servicos-de-anatomopatologia-e-biologia-molecular\/revisao-de-casos-em-anatomopatologia\/#breadcrumb\",\"itemListElement\":[{\"@type\":\"ListItem\",\"position\":1,\"name\":\"In\u00edcio\",\"item\":\"http:\/\/www.multipat.com.br\/site\/\"},{\"@type\":\"ListItem\",\"position\":2,\"name\":\"Exames\",\"item\":\"https:\/\/www.multipat.com.br\/site\/servicos-de-anatomopatologia-e-biologia-molecular\/\"},{\"@type\":\"ListItem\",\"position\":3,\"name\":\"REVIS\u00c3O DE CASOS\"}]}]}<\/script>\r\n<!-- \/ Yoast SEO plugin. -->","yoast_head_json":{"title":"Revis\u00e3o de Casos em Anatomopatologia","description":"Obtenha uma segunda opini\u00e3o em patologia com a revis\u00e3o de casos, essencial para diagn\u00f3sticos precisos e confi\u00e1veis.","robots":{"index":"index","follow":"follow","max-snippet":"max-snippet:-1","max-image-preview":"max-image-preview:large","max-video-preview":"max-video-preview:-1"},"canonical":"https:\/\/www.multipat.com.br\/site\/servicos-de-anatomopatologia-e-biologia-molecular\/revisao-de-casos-em-anatomopatologia\/","og_locale":"pt_BR","og_type":"article","og_title":"Revis\u00e3o de Casos em Anatomopatologia","og_description":"Obtenha uma segunda opini\u00e3o em patologia com a revis\u00e3o de casos, essencial para diagn\u00f3sticos precisos e confi\u00e1veis.","og_url":"https:\/\/www.multipat.com.br\/site\/servicos-de-anatomopatologia-e-biologia-molecular\/revisao-de-casos-em-anatomopatologia\/","og_site_name":"Multipat - Laborat\u00f3rio m\u00e9dico privado que presta diagn\u00f3sticos de Anatomia Patol\u00f3gica, Citopatologia Diagn\u00f3stica e Patologia Molecular em Jardim Guanabara - Campinas.","article_modified_time":"2024-04-10T16:45:24+00:00","author":"Desenvolvedor Projeto Web","twitter_card":"summary_large_image","twitter_misc":{"Est. tempo de leitura":"1 minuto"},"schema":{"@context":"https:\/\/schema.org","@graph":[{"@type":"WebSite","@id":"http:\/\/www.multipat.com.br\/site\/#website","url":"http:\/\/www.multipat.com.br\/site\/","name":"Multipat - Laborat\u00f3rio m\u00e9dico privado que presta diagn\u00f3sticos de Anatomia Patol\u00f3gica, Citopatologia Diagn\u00f3stica e Patologia Molecular em Jardim Guanabara - Campinas.","description":"Multipat - Laborat\u00f3rio m\u00e9dico privado que presta diagn\u00f3sticos de Anatomia Patol\u00f3gica, Citopatologia Diagn\u00f3stica e Patologia Molecular em Jardim Guanabara - Campinas.","potentialAction":[{"@type":"SearchAction","target":{"@type":"EntryPoint","urlTemplate":"http:\/\/www.multipat.com.br\/site\/?s={search_term_string}"},"query-input":"required name=search_term_string"}],"inLanguage":"pt-BR"},{"@type":"WebPage","@id":"https:\/\/www.multipat.com.br\/site\/servicos-de-anatomopatologia-e-biologia-molecular\/revisao-de-casos-em-anatomopatologia\/#webpage","url":"https:\/\/www.multipat.com.br\/site\/servicos-de-anatomopatologia-e-biologia-molecular\/revisao-de-casos-em-anatomopatologia\/","name":"Revis\u00e3o de Casos em Anatomopatologia","isPartOf":{"@id":"http:\/\/www.multipat.com.br\/site\/#website"},"datePublished":"2021-06-25T13:15:28+00:00","dateModified":"2024-04-10T16:45:24+00:00","description":"Obtenha uma segunda opini\u00e3o em patologia com a revis\u00e3o de casos, essencial para diagn\u00f3sticos precisos e confi\u00e1veis.","breadcrumb":{"@id":"https:\/\/www.multipat.com.br\/site\/servicos-de-anatomopatologia-e-biologia-molecular\/revisao-de-casos-em-anatomopatologia\/#breadcrumb"},"inLanguage":"pt-BR","potentialAction":[{"@type":"ReadAction","target":["https:\/\/www.multipat.com.br\/site\/servicos-de-anatomopatologia-e-biologia-molecular\/revisao-de-casos-em-anatomopatologia\/"]}]},{"@type":"BreadcrumbList","@id":"https:\/\/www.multipat.com.br\/site\/servicos-de-anatomopatologia-e-biologia-molecular\/revisao-de-casos-em-anatomopatologia\/#breadcrumb","itemListElement":[{"@type":"ListItem","position":1,"name":"In\u00edcio","item":"http:\/\/www.multipat.com.br\/site\/"},{"@type":"ListItem","position":2,"name":"Exames","item":"https:\/\/www.multipat.com.br\/site\/servicos-de-anatomopatologia-e-biologia-molecular\/"},{"@type":"ListItem","position":3,"name":"REVIS\u00c3O DE CASOS"}]}]}},"_links":{"self":[{"href":"https:\/\/www.multipat.com.br\/site\/wp-json\/wp\/v2\/pages\/651"}],"collection":[{"href":"https:\/\/www.multipat.com.br\/site\/wp-json\/wp\/v2\/pages"}],"about":[{"href":"https:\/\/www.multipat.com.br\/site\/wp-json\/wp\/v2\/types\/page"}],"author":[{"embeddable":true,"href":"https:\/\/www.multipat.com.br\/site\/wp-json\/wp\/v2\/users\/5"}],"replies":[{"embeddable":true,"href":"https:\/\/www.multipat.com.br\/site\/wp-json\/wp\/v2\/comments?post=651"}],"version-history":[{"count":31,"href":"https:\/\/www.multipat.com.br\/site\/wp-json\/wp\/v2\/pages\/651\/revisions"}],"predecessor-version":[{"id":1959,"href":"https:\/\/www.multipat.com.br\/site\/wp-json\/wp\/v2\/pages\/651\/revisions\/1959"}],"up":[{"embeddable":true,"href":"https:\/\/www.multipat.com.br\/site\/wp-json\/wp\/v2\/pages\/507"}],"wp:attachment":[{"href":"https:\/\/www.multipat.com.br\/site\/wp-json\/wp\/v2\/media?parent=651"}],"curies":[{"name":"wp","href":"https:\/\/api.w.org\/{rel}","templated":true}]}}